 + 1282. Calculate f(5).
-3
Let m(y) = -y**2 - 4*y + 47. Give m(-9).
2
Let o(y) = y**2 + 6*y + 7. What is o(-6)?
7
Let r(z) = z**2. What is r(5)?
25
Let v(q) = q**3 - 5*q**2 + 4*q. Give v(3).
-6
Let c(i) = 4*i + 34. Calculate c(-6).
10
Let x(k) = -18*k + 46. Give x(3).
-8
Let l(n) = -n**3 + 11*n**2 + n - 5. Give l(11).
6
Let a(x) = -x - 17. Give a(-9).
-8
Let k(b) = -b**3 + 12*b**2 - 13*b + 4. Calculate k(11).
-18
Let n(h) = -3*h + 9. Give n(5).
-6
Let l(p) = -p**3 - 3*p**2 + 9*p + 19. Give l(0).
19
Let o(q) = -q**3 + 6*q**2 - 3*q + 11. What is o(6)?
-7
Let o(u) = 20*u**2 - 3*u. Calculate o(2).
74
Let n(c) = 17*c - 841. What is n(50)?
9
Let v(i) = -50*i + 2. Give v(1).
-48
Let i(x) = x**2 + 4*x - 14. Give i(-7).
7
Let j(o) = -13*o - 1. What is j(-1)?
12
Let o(q) = -50*q - 256. Determine o(-5).
-6
Let v(a) = -a**2 + 12*a + 39. Determine v(14).
11
Let w(s) = -s**2 - 9*s + 65. Determine w(6).
-25
Let q(u) = -u**3 - 10*u**2 + 7*u - 52. Calculate q(-11).
-8
Let b(i) = -3*i**2 - 48*i - 49. Determine b(-15).
-4
Let t(l) = l - 12. Determine t(4).
-8
Let l(g) = -7*g**3 - 3*g + 1. What is l(2)?
-61
Let c(m) = -m**3 - 10*m**2 + 14*m + 7. Determine c(-11).
-26
Let s(j) = j**3 + 6*j**2 + 7*j - 2. Give s(-4).
2
Let g(f) = 4*f**2 + 16*f + 11. Give g(-2).
-5
Let c(o) = 2*o**2 - 19. What is c(7)?
79
Let v(p) = -5*p**3 + 2*p**2 + p + 2. Calculate v(2).
-28
Let z(o) = o**3 - 10*o**2 + 10*o - 7. Determine z(9).
2
Let i(n) = 3*n - 1. What is i(7)?
20
Let w(u) = u - 2. Give w(1).
-1
Let g(v) = -v**2 + 15*v + 19. What is g(16)?
3
Let r(w) = w**3 + 2*w**2 - 6*w - 4. What is r(-4)?
-12
Let k(n) = -n**3 + 32*n**2 + 67*n + 30. Determine k(34).
-4
Let g(p) = 2*p + 3. Determine g(-2).
-1
Let t(j) = -3*j + 6. Calculate t(6).
-12
Let h(t) = t + 2. Determine h(17).
19
Let g(l) = -l**3 + 3*l**2 - 3*l + 3. Determine g(3).
-6
Let k(y) = -y**2 - 4*y + 5. What is k(4)?
-27
Let w(m) = m**3 + m + 7. Calculate w(0).
7
Let b(z) = -9*z - 82. Give b(-10).
8
Let o(v) = v**2 + 27. Calculate o(0).
27
Let b(g) = g**2 + 19*g + 11. Calculate b(-18).
-7
Let d(w) = -3*w - 4. Give d(6).
-22
Let b(j) = -2*j**2 - j - 24. Determine b(5).
-79
Let f(u) = -u**3 - 10*u**2 - 15*u + 6. Determine f(-8).
-2
Let n(f) = -19*f - 8. Calculate n(-3).
49
Let t(p) = 5*p**2 + 12. Calculate t(-3).
57
Let n(u) = 2*u - 3. What is n(5)?
7
Let u(q) = 10*q + 45. What is u(9)?
135
Let a(x) = -2*x**2 - 8*x + 6. Calculate a(-8).
-58
Let z(v) = -v**3 - 4*v**2 + 4*v - 2. Give z(3).
-53
Let y(x) = x - 8. Give y(17).
9
Let o(h) = 7*h**2 - h. What is o(0)?
0
Let u(y) = -y**2 + 24*y - 113. What is u(7)?
6
Let m(k) = -k + 26. What is m(11)?
15
Let s(r) = 33*r - 396. Determine s(12).
0
Let s(w) = 13*w**3 + 2*w**2 + 5*w + 4. Give s(-2).
-102
Let h(z) = -z**2 - z + 9. Give h(-4).
-3
Let a(k) = -k**2 - 8*k - 4. Calculate a(-6).
8
Let n(q) = q**2 - 22*q + 68. Give n(17).
-17
Let u(h) = -h**3 - 3*h**2 + h + 1. What is u(-5)?
46
Let j(p) = 5*p**2 - 21*p + 32. Calculate j(3).
14
Let c(m) = -m**3 - 3*m**2 + 2. Determine c(-3).
2
Let h(f) = -2*f**2 - 54*f + 11. Calculate h(-26).
63
Let l(w) = w + 7. Determine l(8).
15
Let p(n) = 9*n + 2. What is p(1)?
11
Let y(k) = k**3 + 5*k**2 - 9*k - 5. Give y(-5).
40
Let p(g) = -12*g**2 + 4. Give p(3).
-104
Let j(y) = -y**2 - 2*y + 6. Calculate j(-6).
-18
Let c(f) = f**3 - 7*f**2 + 5*f + 1. Give c(6).
-5
Let t(q) = q + 20. Give t(-18).
2
Let a(l) = -l**3 + 3*l**2 + 4*l + 9. Give a(5).
-21
Let t(w) = w**2 + 6*w - 2. Give t(-6).
-2
Let t(i) = 41*i**3 + 1. Calculate t(-1).
-40
Let t(c) = -c**2 + 7*c - 9. Give t(7).
-9
Let i(p) = -p - 14. Give i(-13).
-1
Let n(u) = -u**3 - 2*u**2 + u + 2. Determine n(-2).
0
Let q(a) = -a**3 - 7*a**2 + 8*a + 12. Give q(-8).
12
Let d(s) = 2*s**2 - s - 7. What is d(-5)?
48
Let i(g) = 2*g**2 + 3*g + 3. Give i(-2).
5
Let b(m) = -3*m + 87. Calculate b(32).
-9
Let n(w) = w**2 - 5*w - 5. Give n(6).
1
Let w(f) = -28*f**3 + 2*f**2 - f. Determine w(1).
-27
Let g(y) = -y - 66. What is g(0)?
-66
Let f(k) = -k**3 - 6*k**2 + k + 5. Give f(-6).
-1
Let v(n) = -6*n**3 + 2*n + 2. Calculate v(-1).
6
Let z(l) = l**3 - 29*l**2 - 57*l - 160. Calculate z(31).
-5
Let l(w) = 2*w**2 + 117*w + 816. Calculate l(-8).
8
Let a(u) = u**3 + 5*u**2 + 5*u. Calculate a(-4).
-4
Let c(i) = -2*i**2 + 3*i + 7. What is c(2)?
5
Let s(k) = -6*k - 67. Give s(-12).
5
Let v(t) = t**3 - 22*t**2 - 3*t + 61. What is v(22)?
-5
Let s(l) = -3*l**2 - 2. Determine s(-2).
-14
Let i(s) = 2*s**2 - 17*s - 7. What is i(10)?
23
Let m(t) = 32*t + 8. Give m(-1).
-24
Let r(v) = -v**3 + 7*v**2 - 11*v + 1. Calculate r(5).
-4
Let x(t) = -2*t - 1. Give x(-6).
11
Let l(o) = -5*o - 1. Determine l(-5).
24
Let f(d) = d**2 - 11*d + 26. Give f(7).
-2
Let s(y) = -2*y**2 + 19*y - 38. Determine s(5).
7
Let k(c) = c**3 + 7*c**2 - 15*c + 15. Determine k(-9).
-12
Let c(x) = -x**3 + 74*x**2 - 344*x - 60. Determine c(69).
9
Let n(m) = -m**3 - 25*m**2 + 58*m + 102. Calculate n(-27).
-6
Let a(v) = -3*v + 3. Calculate a(6).
-15
Let g(i) = -i**3 - 4*i**2 - i. Calculate g(-5).
30
Let a(d) = -3*d - 7. Determine a(5).
-22
Let g(m) = -9*m + 45. Determine g(11).
-54
Let l(b) = -b**2 - 39*b - 111. Give l(-36).
-3
Let b(v) = -v + 29. Give b(0).
29
Let h(x) = x**2 + 8*x - 27. Determine h(-9).
-18
Let z(g) = g + 1. Calculate z(-7).
-6
Let y(m) = m**3 + 21*m**2 - 6. Calculate y(-21).
-6
Let g(u) = 88*u**3 + u**2 - 1. Calculate g(1).
88
Let z(h) = -2*h**2 - 4*h + 5. What is z(3)?
-25
Let b(l) = 4*l**2 - 47*l - 58. Determine b(13).
7
Let n(a) = -11*a + 68. What is n(5)?
13
Let c(b) = 15*b - 25. Determine c(2).
5
Let g(t) = -t**2 + 4*t + 1. Give g(3).
4
Let o(p) = -p**2 + p - 3. Determine o(0).
-3
Let c(y) = y**2 - y - 57. What is c(-9)?
33
Let x(t) = -9*t**2 + 3*t + 2. Calculate x(-1).
-10
Let p(i) = 3*i - 9. What is p(2)?
-3
Let a(i) = -i**2 - 8*i - 12. Calculate a(-11).
-45
Let s(x) = -x**3 + x**2 - x + 1. Give s(1).
0
Let l(q) = 42*q**2 - 3*q - 3. Determine l(-1).
42
Let h(p) = -3*p**2 + 41*p + 80. Calculate h(-2).
-14
Let l(n) = -n**3 + 4*n**2 + 8*n - 17. Calculate l(5).
-2
Let m(n) = 2*n**2 + 7*n + 6. Calculate m(-4).
10
Let f(g) = -2*g**3 + 3*g**2 + g + 3. Calculate f(2).
1
Let u(i) = 6*i**3 + 3*i**2 + 3*i + 5. What is u(-2)?
-37
Let t(z) = 37*z**3 + 2*z**2 - z - 2. Determine t(-1).
-36
Let a(l) = -l + 2. Give a(8).
-6
Let q(u) = -u**2 + 5*u + 16. What is q(8)?
-8
Let v(d) = d**2 + 7*d + 25. Determine v(-3).
13
Let m(v) = -v + 3. Calculate m(13).
-10
Let f(p) = p**3 - 9*p**2 - p. Calculate f(9).
-9
Let y(h) = h**3 + 7*h**2 + 3*h - 13. Give y(-6).
5
Let x(i) = 4*i - 7. Give x(-5).
-27
Let l(q) = -9*q - 17. What is l(-2)?
1
Let k(a) = 2*a**2 - 21*a - 19. Determine k(11).
-8
Let l(a) = 4*a**2 - 60*a + 8. Calculate l(15).
8
Let b(o) = 5*o**2 - 2*o - 2. What is b(-2)?
22
Let z(o) = -3*o**2 + 12*o + 14. Calculate z(6).
-22
Let y(n) = n**2 - 13*n + 8. Calculate y(11).
-14
Let s(q) = -q + 2. Give s(6).
-4
Let t(s) = -s**3 + 9*s**2 - 6*s + 17. Give t(9).
-37
Let k(l) = 15*l**2 - 1. Determine k(1).
14
Let y(q) = 2*q**3 - q**2 + 3. What is y(2)?
15
Let t(w) = -w**3 + 6*w**2 + 10*w - 2. What is t(7)?
19
Let w(f) = 58*f + 2. Determine w(1).
60
Let p(r) = -2*r**3 + 48*r**2 - 46*r - 7. Give p(23).
-7
Let a(u) = -u - 22. Calculate a(-6).
-16
Let s(t) = 77*t**2 + 4*t + 2. Give s(-1).
75
Let d(u) = -38*u**2 + 4*u + 9. Determine d(-2).
-151
Let v(q) = q**3 + 23*q**2 - q + 2. Determine v(-23).
25
Let j(m) = 6*m - 4. Determine j(6).
32
Let s(l) = -l**2 + 11*l - 22. Determine s(7).
6
Let t(x) = 37*x**2 + 39*x + 3. Give t(-1).
1
Let l(x) = x**2 + x - 41. Calculate l(-7).
1
Let m(h) = 8*h**3 + h**2 + h. Give m(-1).
-8
Let q(b) = -9*b - 16. Give q(-3).
11
Let n(p) = p**3 - 6*p**2 + 8*p + 5. What is n(4)?
5
Let s(x) = x**2 - 2*x - 3. Determine s(5).
12
Let t(u) = -2*u + 26. Determine t(13).
0
Let n(m) = -m**3 - 8*m**2 + 7*m - 28. Calculate n(-9).
-10
Let k(s) = 4*s - 6. Calculate k(-3).
-18
Let q(k) = -20*k - 8. What is q(-4)?
72
Let l(a) = 4*a**3 + a**2. Calculate l(1).
5
Let u(j) = j**3 + 10*j**2 - 92*j - 29. What is u(6)?
-5
Let o(x) = 6*x - 6. What is o(1)?
0
Let p(y) = -13*y**2 + 11*y - 1. What is p(1)?
-3
Let l(p) = -2*p**3 - 15*p**2 - 6*p + 9. Determine l(-7).
2
Let v(b) = -29*b**3 - b**2. What is v(1)?
-30
Let g(o) = 8*o**2 + 1. Determine g(-1).
9
Let q(c) = -5*c + 138. What